{"id":70,"date":"2026-03-25T11:51:03","date_gmt":"2026-03-25T10:51:03","guid":{"rendered":"https:\/\/nijojo-agen.fr\/?page_id=70"},"modified":"2026-03-25T11:51:05","modified_gmt":"2026-03-25T10:51:05","slug":"maison-nijo-jo","status":"publish","type":"page","link":"https:\/\/nijojo-agen.fr\/?page_id=70","title":{"rendered":"Maison Nijo-jo"},"content":{"rendered":"\n<h2 class=\"wp-block-heading\">Bienvenue \u00e0 Maison Nijo-jo<\/h2>\n\n\n\n<p>Maison Nijo-jo vous accueille \u00e0 Agen dans une atmosph\u00e8re chaleureuse, paisible et conviviale.<\/p>\n\n\n\n<p>Inspir\u00e9e de l\u2019esprit du ch\u00e2teau de Nijo \u00e0 Kyoto, la maison a \u00e9t\u00e9 pens\u00e9e comme un lieu o\u00f9 l\u2019on ralentit, o\u00f9 l\u2019on se sent bien et o\u00f9 l\u2019on profite pleinement de son s\u00e9jour.<\/p>\n\n\n\n<p>Que vous soyez de passage pour d\u00e9couvrir la r\u00e9gion, en d\u00e9placement professionnel ou en escapade, nous avons imagin\u00e9 un lieu simple, confortable et accueillant, o\u00f9 chacun peut se sentir comme chez soi.<\/p>\n\n\n\n<p>Ici, l\u2019id\u00e9e est simple : prendre le temps, partager, et cr\u00e9er de beaux souvenirs.<\/p>\n","protected":false},"excerpt":{"rendered":"<p>Bienvenue \u00e0 Maison Nijo-jo Maison Nijo-jo vous accueille \u00e0 Agen dans une atmosph\u00e8re chaleureuse, paisible et conviviale. Inspir\u00e9e de l\u2019esprit [&hellip;]<\/p>\n","protected":false},"author":1,"featured_media":0,"parent":0,"menu_order":0,"comment_status":"closed","ping_status":"closed","template":"","meta":{"_monsterinsights_skip_tracking":false,"_monsterinsights_sitenote_active":false,"_monsterinsights_sitenote_note":"","_monsterinsights_sitenote_category":0,"site-sidebar-layout":"default","site-content-layout":"","ast-site-content-layout":"default","site-content-style":"default","site-sidebar-style":"default","ast-global-header-display":"","ast-banner-title-visibility":"","ast-main-header-display":"","ast-hfb-above-header-display":"","ast-hfb-below-header-display":"","ast-hfb-mobile-header-display":"","site-post-title":"","ast-breadcrumbs-content":"","ast-featured-img":"","footer-sml-layout":"","ast-disable-related-posts":"","theme-transparent-header-meta":"","adv-header-id-meta":"","stick-header-meta":"","header-above-stick-meta":"","header-main-stick-meta":"","header-below-stick-meta":"","astra-migrate-meta-layouts":"default","ast-page-background-enabled":"default","ast-page-background-meta":{"desktop":{"background-color":"var(--ast-global-color-5)","background-image":"","background-repeat":"repeat","background-position":"center center","background-size":"auto","background-attachment":"scroll","background-type":"","background-media":"","overlay-type":"","overlay-color":"","overlay-opacity":"","overlay-gradient":""},"tablet":{"background-color":"","background-image":"","background-repeat":"repeat","background-position":"center center","background-size":"auto","background-attachment":"scroll","background-type":"","background-media":"","overlay-type":"","overlay-color":"","overlay-opacity":"","overlay-gradient":""},"mobile":{"background-color":"","background-image":"","background-repeat":"repeat","background-position":"center center","background-size":"auto","background-attachment":"scroll","background-type":"","background-media":"","overlay-type":"","overlay-color":"","overlay-opacity":"","overlay-gradient":""}},"ast-content-background-meta":{"desktop":{"background-color":"var(--ast-global-color-4)","background-image":"","background-repeat":"repeat","background-position":"center center","background-size":"auto","background-attachment":"scroll","background-type":"","background-media":"","overlay-type":"","overlay-color":"","overlay-opacity":"","overlay-gradient":""},"tablet":{"background-color":"var(--ast-global-color-4)","background-image":"","background-repeat":"repeat","background-position":"center center","background-size":"auto","background-attachment":"scroll","background-type":"","background-media":"","overlay-type":"","overlay-color":"","overlay-opacity":"","overlay-gradient":""},"mobile":{"background-color":"var(--ast-global-color-4)","background-image":"","background-repeat":"repeat","background-position":"center center","background-size":"auto","background-attachment":"scroll","background-type":"","background-media":"","overlay-type":"","overlay-color":"","overlay-opacity":"","overlay-gradient":""}},"footnotes":""},"class_list":["post-70","page","type-page","status-publish","hentry"],"yoast_head":"<!-- This site is optimized with the Yoast SEO plugin v27.3 - https:\/\/yoast.com\/product\/yoast-seo-wordpress\/ -->\n<title>Maison Nijo-jo - Maison Nijojo \u2013 Chambres de charme \u00e0 Agen<\/title>\n<meta name=\"robots\" content=\"index, follow, max-snippet:-1, max-image-preview:large, max-video-preview:-1\" \/>\n<link rel=\"canonical\" href=\"https:\/\/nijojo-agen.fr\/?page_id=70\" \/>\n<meta property=\"og:locale\" content=\"fr_FR\" \/>\n<meta property=\"og:type\" content=\"article\" \/>\n<meta property=\"og:title\" content=\"Maison Nijo-jo - Maison Nijojo \u2013 Chambres de charme \u00e0 Agen\" \/>\n<meta property=\"og:description\" content=\"Bienvenue \u00e0 Maison Nijo-jo Maison Nijo-jo vous accueille \u00e0 Agen dans une atmosph\u00e8re chaleureuse, paisible et conviviale. Inspir\u00e9e de l\u2019esprit [&hellip;]\" \/>\n<meta property=\"og:url\" content=\"https:\/\/nijojo-agen.fr\/?page_id=70\" \/>\n<meta property=\"og:site_name\" content=\"Maison Nijojo \u2013 Chambres de charme \u00e0 Agen\" \/>\n<meta property=\"article:modified_time\" content=\"2026-03-25T10:51:05+00:00\" \/>\n<meta name=\"twitter:card\" content=\"summary_large_image\" \/>\n<meta name=\"twitter:label1\" content=\"Dur\u00e9e de lecture estim\u00e9e\" \/>\n\t<meta name=\"twitter:data1\" content=\"1 minute\" \/>\n<script type=\"application\/ld+json\" class=\"yoast-schema-graph\">{\"@context\":\"https:\\\/\\\/schema.org\",\"@graph\":[{\"@type\":\"WebPage\",\"@id\":\"https:\\\/\\\/nijojo-agen.fr\\\/?page_id=70\",\"url\":\"https:\\\/\\\/nijojo-agen.fr\\\/?page_id=70\",\"name\":\"Maison Nijo-jo - Maison Nijojo \u2013 Chambres de charme \u00e0 Agen\",\"isPartOf\":{\"@id\":\"https:\\\/\\\/nijojo-agen.fr\\\/#website\"},\"datePublished\":\"2026-03-25T10:51:03+00:00\",\"dateModified\":\"2026-03-25T10:51:05+00:00\",\"breadcrumb\":{\"@id\":\"https:\\\/\\\/nijojo-agen.fr\\\/?page_id=70#breadcrumb\"},\"inLanguage\":\"fr-FR\",\"potentialAction\":[{\"@type\":\"ReadAction\",\"target\":[\"https:\\\/\\\/nijojo-agen.fr\\\/?page_id=70\"]}]},{\"@type\":\"BreadcrumbList\",\"@id\":\"https:\\\/\\\/nijojo-agen.fr\\\/?page_id=70#breadcrumb\",\"itemListElement\":[{\"@type\":\"ListItem\",\"position\":1,\"name\":\"Accueil\",\"item\":\"https:\\\/\\\/nijojo-agen.fr\\\/\"},{\"@type\":\"ListItem\",\"position\":2,\"name\":\"Maison Nijo-jo\"}]},{\"@type\":\"WebSite\",\"@id\":\"https:\\\/\\\/nijojo-agen.fr\\\/#website\",\"url\":\"https:\\\/\\\/nijojo-agen.fr\\\/\",\"name\":\"Maison Nijojo \u2013 Chambres de charme \u00e0 Agen\",\"description\":\"\",\"potentialAction\":[{\"@type\":\"SearchAction\",\"target\":{\"@type\":\"EntryPoint\",\"urlTemplate\":\"https:\\\/\\\/nijojo-agen.fr\\\/?s={search_term_string}\"},\"query-input\":{\"@type\":\"PropertyValueSpecification\",\"valueRequired\":true,\"valueName\":\"search_term_string\"}}],\"inLanguage\":\"fr-FR\"}]}<\/script>\n<!-- \/ Yoast SEO plugin. -->","yoast_head_json":{"title":"Maison Nijo-jo - Maison Nijojo \u2013 Chambres de charme \u00e0 Agen","robots":{"index":"index","follow":"follow","max-snippet":"max-snippet:-1","max-image-preview":"max-image-preview:large","max-video-preview":"max-video-preview:-1"},"canonical":"https:\/\/nijojo-agen.fr\/?page_id=70","og_locale":"fr_FR","og_type":"article","og_title":"Maison Nijo-jo - Maison Nijojo \u2013 Chambres de charme \u00e0 Agen","og_description":"Bienvenue \u00e0 Maison Nijo-jo Maison Nijo-jo vous accueille \u00e0 Agen dans une atmosph\u00e8re chaleureuse, paisible et conviviale. Inspir\u00e9e de l\u2019esprit [&hellip;]","og_url":"https:\/\/nijojo-agen.fr\/?page_id=70","og_site_name":"Maison Nijojo \u2013 Chambres de charme \u00e0 Agen","article_modified_time":"2026-03-25T10:51:05+00:00","twitter_card":"summary_large_image","twitter_misc":{"Dur\u00e9e de lecture estim\u00e9e":"1 minute"},"schema":{"@context":"https:\/\/schema.org","@graph":[{"@type":"WebPage","@id":"https:\/\/nijojo-agen.fr\/?page_id=70","url":"https:\/\/nijojo-agen.fr\/?page_id=70","name":"Maison Nijo-jo - Maison Nijojo \u2013 Chambres de charme \u00e0 Agen","isPartOf":{"@id":"https:\/\/nijojo-agen.fr\/#website"},"datePublished":"2026-03-25T10:51:03+00:00","dateModified":"2026-03-25T10:51:05+00:00","breadcrumb":{"@id":"https:\/\/nijojo-agen.fr\/?page_id=70#breadcrumb"},"inLanguage":"fr-FR","potentialAction":[{"@type":"ReadAction","target":["https:\/\/nijojo-agen.fr\/?page_id=70"]}]},{"@type":"BreadcrumbList","@id":"https:\/\/nijojo-agen.fr\/?page_id=70#breadcrumb","itemListElement":[{"@type":"ListItem","position":1,"name":"Accueil","item":"https:\/\/nijojo-agen.fr\/"},{"@type":"ListItem","position":2,"name":"Maison Nijo-jo"}]},{"@type":"WebSite","@id":"https:\/\/nijojo-agen.fr\/#website","url":"https:\/\/nijojo-agen.fr\/","name":"Maison Nijojo \u2013 Chambres de charme \u00e0 Agen","description":"","potentialAction":[{"@type":"SearchAction","target":{"@type":"EntryPoint","urlTemplate":"https:\/\/nijojo-agen.fr\/?s={search_term_string}"},"query-input":{"@type":"PropertyValueSpecification","valueRequired":true,"valueName":"search_term_string"}}],"inLanguage":"fr-FR"}]}},"_links":{"self":[{"href":"https:\/\/nijojo-agen.fr\/index.php?rest_route=\/wp\/v2\/pages\/70","targetHints":{"allow":["GET"]}}],"collection":[{"href":"https:\/\/nijojo-agen.fr\/index.php?rest_route=\/wp\/v2\/pages"}],"about":[{"href":"https:\/\/nijojo-agen.fr\/index.php?rest_route=\/wp\/v2\/types\/page"}],"author":[{"embeddable":true,"href":"https:\/\/nijojo-agen.fr\/index.php?rest_route=\/wp\/v2\/users\/1"}],"replies":[{"embeddable":true,"href":"https:\/\/nijojo-agen.fr\/index.php?rest_route=%2Fwp%2Fv2%2Fcomments&post=70"}],"version-history":[{"count":1,"href":"https:\/\/nijojo-agen.fr\/index.php?rest_route=\/wp\/v2\/pages\/70\/revisions"}],"predecessor-version":[{"id":71,"href":"https:\/\/nijojo-agen.fr\/index.php?rest_route=\/wp\/v2\/pages\/70\/revisions\/71"}],"wp:attachment":[{"href":"https:\/\/nijojo-agen.fr\/index.php?rest_route=%2Fwp%2Fv2%2Fmedia&parent=70"}],"curies":[{"name":"wp","href":"https:\/\/api.w.org\/{rel}","templated":true}]}}